{"id":25,"date":"2017-03-21T12:35:21","date_gmt":"2017-03-21T12:35:21","guid":{"rendered":"https:\/\/isaah2018.wordpress.com\/?page_id=25"},"modified":"2017-03-21T12:35:21","modified_gmt":"2017-03-21T12:35:21","slug":"speakers","status":"publish","type":"page","link":"https:\/\/oldunitsstaging.fisheries.org\/isaah\/speakers\/","title":{"rendered":"Keynote Speakers"},"content":{"rendered":"<p style=\"text-align:left\"><img loading=\"lazy\" decoding=\"async\" class=\" wp-image-379 alignleft\" src=\"https:\/\/oldunitsstaging.fisheries.org\/isaah\/wp-content\/uploads\/sites\/50\/2017\/10\/alf-helge-aarskog-54395-copy.jpg\" alt=\"#cfwesenberg\" width=\"181\" height=\"241\" srcset=\"https:\/\/oldunitsstaging.fisheries.org\/isaah\/wp-content\/uploads\/sites\/50\/2017\/10\/alf-helge-aarskog-54395-copy.jpg 2550w, https:\/\/oldunitsstaging.fisheries.org\/isaah\/wp-content\/uploads\/sites\/50\/2017\/10\/alf-helge-aarskog-54395-copy-225x300.jpg 225w, https:\/\/oldunitsstaging.fisheries.org\/isaah\/wp-content\/uploads\/sites\/50\/2017\/10\/alf-helge-aarskog-54395-copy-768x1024.jpg 768w\" sizes=\"auto, (max-width: 181px) 100vw, 181px\" \/><span style=\"color:#106cb3\"><b>&#8220;Without good fish health \u2013 no blue revolution&#8221;<\/b><\/span><\/p>\n<p style=\"text-align:justify\"><strong>Alf-Helge Aarskog <\/strong>is\u00a0Chief Executive Officer (CEO) of Marine Harvest ASA. Mr. Aarskog has an M.Sc.in Aquaculture from the Norwegian University of Life Sciences (UMB), as well as supplementary management education from Harvard Business School.\u00a0Mr. Aarskog has broad experience from the salmon farming industry. Prior to his position in Marine Harvest ASA, he was the CEO of the Ler\u00f8y Seafood Group ASA. Previous positions include Executive Vice President of the Ler\u00f8y Seafood Group, Managing Director of Ler\u00f8y Midnor AS and Head of Production in Fjord Seafood ASA, a company later merged with Marine Harvest ASA.<\/p>\n<p style=\"text-align:justify\"><img loading=\"lazy\" decoding=\"async\" class=\" wp-image-378 alignleft\" src=\"https:\/\/oldunitsstaging.fisheries.org\/isaah\/wp-content\/uploads\/sites\/50\/2017\/10\/bartholomew1.jpg\" alt=\"Bartholomew1\" width=\"183\" height=\"137\" srcset=\"https:\/\/oldunitsstaging.fisheries.org\/isaah\/wp-content\/uploads\/sites\/50\/2017\/10\/bartholomew1.jpg 1024w, https:\/\/oldunitsstaging.fisheries.org\/isaah\/wp-content\/uploads\/sites\/50\/2017\/10\/bartholomew1-300x225.jpg 300w, https:\/\/oldunitsstaging.fisheries.org\/isaah\/wp-content\/uploads\/sites\/50\/2017\/10\/bartholomew1-768x576.jpg 768w\" sizes=\"auto, (max-width: 183px) 100vw, 183px\" \/><\/p>\n<p style=\"text-align:left\"><span style=\"color:#106cb3\"><b>&#8220;Weapons of Micro-destruction:\u00a0An interdisciplinary approach\u00a0to understanding a p<span style=\"color:#106cb3\">arasitic cnidarian&#8221;<\/span><\/b><\/span><\/p>\n<p style=\"text-align:justify\"><strong>Jerri Bartholomew <\/strong>received her Ph.D. degree in Microbiology from Oregon State University in 1989 in the lab of Dr. John Fryer, and is currently Professor and Head of the OSU Department of Microbiology and Director of the John L. Fryer Aquatic Animal Health Laboratory. Ongoing research uses interdisciplinary approaches to examine myxozoan parasite diseases in wild salmon populations. Her lab studies different aspects of the parasite life cycle including the biological and genetic variability of the parasite, the immunological and genetic basis for disease resistance of the host, and development of models to predict how environmental parameters affect disease dynamics. Her lab has developed molecular detection methods and predictive models for disease that are providing important keys to understanding the effects of these pathogens and to providing resource managers with tools for mitigating those effects.<\/p>\n<p style=\"text-align:justify\"><img loading=\"lazy\" decoding=\"async\" class=\" wp-image-380 alignleft\" src=\"https:\/\/oldunitsstaging.fisheries.org\/isaah\/wp-content\/uploads\/sites\/50\/2017\/10\/barreda.png\" alt=\"Barreda\" width=\"180\" height=\"198\" srcset=\"https:\/\/oldunitsstaging.fisheries.org\/isaah\/wp-content\/uploads\/sites\/50\/2017\/10\/barreda.png 452w, https:\/\/oldunitsstaging.fisheries.org\/isaah\/wp-content\/uploads\/sites\/50\/2017\/10\/barreda-272x300.png 272w\" sizes=\"auto, (max-width: 180px) 100vw, 180px\" \/><\/p>\n<p style=\"text-align:left\"><span style=\"color:#106cb3\"><b>&#8220;Contributions of early cellular responses to immune protection in fish&#8221;<\/b><\/span><\/p>\n<p style=\"text-align:justify\"><b>Daniel R. Barreda, Ph.D. &#8211;\u00a0<\/b>Professor &#8211; Animal Immunity and Health, Department of Biological Sciences and Department of Agricultural, Food and Nutritional Science, University of Alberta, Canada.\u00a0Dr. Barreda earned a B.Sc. in Microbiology\/Biochemistry from the University of Victoria and a Ph.D. in Physiology and Cell Biology from the University of Alberta. It is here where he became interested in comparative model systems and fish health. He went on to a PDF in Medical Immunology and Drug Development at the University of Pennsylvania School of Medicine in 2003 and was recruited back to the University of Alberta in 2006 as the first cross-appointment between the Faculty of Science\u00a0and the Faculty of Agricultural, Life and Environmental Sciences. He was recently promoted to the rank of Professor in 2016. Dr. Barreda is well recognized for his contributions to the development of high-resolution quantitative tools for evaluation of cell function, animal immunity and health. Projects are often cross-disciplinary and take advantage of academic-industry-government linkages to address relevant issues at the interface of animal performance and health; fish and aquaculture health remain a core interest of the Barreda lab. Since 2006 Dr. Barreda has secured over $10M in research grants (21 grants as a principal investigator), published over 60 peer-reviewed articles, and mentored 57 trainees in fundamental and applied projects. In addition to research and innovation awards, Dr. Barreda has received a number of teaching awards including an Inspirational Instructor Award and the University of Alberta Provost Award for Excellence in Undergraduate Teaching.<\/p>\n<p><strong><img loading=\"lazy\" decoding=\"async\" class=\" wp-image-1070 alignleft\" src=\"https:\/\/oldunitsstaging.fisheries.org\/isaah\/wp-content\/uploads\/sites\/50\/2018\/04\/abel-el-mowafi-1.png\" alt=\"\" width=\"180\" height=\"194\" \/><\/strong><\/p>\n<p><span style=\"color:#2c6cbf\"><b><span lang=\"EN-US\">\u201cRole of nutrition to mitigate diseases in aquaculture\u201d<\/span>\u00a0<\/b><\/span><\/p>\n<p><strong>Adel El-Mowafi,\u00a0<\/strong><b>Ph.D., Aquaculture Technology Application Director, Cargill Aqua Nutrition, Norway<\/b><\/p>\n<p style=\"text-align:justify\">Adel El-Mowafi is a veterinarian by training with a Masters and Ph.D in Fish Nutrition. Further to his academic training in Egypt and Norway, he did his business management education in Canada and the UK. Adel has 30 years\u2019 experience in fish nutrition research. He has worked in both academic and industrial environments in Egypt, Canada and Norway. For the past sixteen years, he has worked for EWOS Innovation (now the Cargill Innovation Center). EWOS Innovation is the R&amp;D body of Cargill Aquaculture Nutrition; an international fish feed company operating in twenty countries. Adel has been an adjunct Professor in Animal and Plant science at Dalhousie Agricultural College in Nova Scotia, Canada, since 2000 and holds a black belt of six sigma.<\/p>\n<p style=\"text-align:justify\"><img loading=\"lazy\" decoding=\"async\" class=\" wp-image-384 alignleft\" src=\"https:\/\/oldunitsstaging.fisheries.org\/isaah\/wp-content\/uploads\/sites\/50\/2017\/10\/unknown-5.jpg\" alt=\"Unknown-5\" width=\"182\" height=\"193\" srcset=\"https:\/\/oldunitsstaging.fisheries.org\/isaah\/wp-content\/uploads\/sites\/50\/2017\/10\/unknown-5.jpg 218w, https:\/\/oldunitsstaging.fisheries.org\/isaah\/wp-content\/uploads\/sites\/50\/2017\/10\/unknown-5-144x152.jpg 144w\" sizes=\"auto, (max-width: 182px) 100vw, 182px\" \/><\/p>\n<p style=\"text-align:left\"><span style=\"color:#2c6cbf\"><strong>&#8220;Nano-Evolution: Balancing safety and applications of nanotechnology in aquatic systems&#8221;<\/strong><\/span><\/p>\n<p style=\"text-align:justify\"><strong>Dr. Sabo-Attwood<\/strong> is an Associate Professor and Chair of the Department of Environmental and Global Health and a member of the Center for Environmental and Human Toxicology and Emerging Pathogens Institute at the University of Florida<em>. <\/em>She received her Ph.D. from the University of Florida in Biomedical Sciences and Environmental Pharmacology and Toxicology.\u00a0 Her doctoral training was in the area of aquatic toxicology and she moved into environmental pulmonary pathology as an NIEHS postdoctoral fellow at the University of Vermont. Dr. Sabo-Attwood directs a laboratory group that investigates molecular mechanisms that drive various health impacts associated with environmental exposures to agents which include endocrine disruptors, mineral fibers and nanomaterials.\u00a0 She is a National Academy of Science Kavli Fellow in Nanotoxicology and serves on a number of scientific boards including the International Academy of Sciences and is a member of the EPA Chartered Science Advisory Board.\u00a0 Her work in nanomaterials specifically spans toxicological assessments, primarily in aquatic vertebrates, and nano-enabled applications relevant to improving water quality in aquaculture settings.\u00a0 Her most recent work centers on understanding the impact that carbon-based materials (singly and in hybrid form with metals) have on growth and nutrient uptake in fish and the utility of the same nanomaterials to remove pathogens from water sources. Her research in the area of nanomaterial science is currently funded by NIH, NSF and USDA.<\/p>\n<p><b><img loading=\"lazy\" decoding=\"async\" class=\"  wp-image-1129 alignleft\" src=\"https:\/\/oldunitsstaging.fisheries.org\/isaah\/wp-content\/uploads\/sites\/50\/2018\/05\/henningsorum.png\" alt=\"\" width=\"181\" height=\"244\" srcset=\"https:\/\/oldunitsstaging.fisheries.org\/isaah\/wp-content\/uploads\/sites\/50\/2018\/05\/henningsorum.png 335w, https:\/\/oldunitsstaging.fisheries.org\/isaah\/wp-content\/uploads\/sites\/50\/2018\/05\/henningsorum-222x300.png 222w\" sizes=\"auto, (max-width: 181px) 100vw, 181px\" \/><span style=\"color:#2c6cbf\"><strong>&#8220;Bacterial skin ulcers in farmed fish; preventive effect of vaccines and probiotics&#8221;<\/strong><\/span><\/b><\/p>\n<p><b>Dr. Henning S\u00f8rum<\/b> is a professor at the School of Veterinary Medicine, Norwegian University of Life Sciences, Oslo, Norway. His research focus has been into emerging bacterial infections in salmon farming, development of antibiotic resistance in bacteria linking the fish, terrestrial, avian and\u00a0 human pathogenic &amp; environmental bacteria.\u00a0 Epidemiological studies of bacterial infections in fish, other animals and humans and studying effects of prebiotics and probiotics added to the feed of various husbandry animals related to the gut microbiota have been important in the research.\u00a0 Dr. S\u00f8rum has spent a postdoctoral year at the Oregon Health Sciences University, Portland, Oregon and a shorter sabbatical at the Pasteur Institute in Paris, as well as two short research stys at the Centers for Disease Control and Prevention in Atlanta, GA, USA during the PhD period.\u00a0 Experience in teaching veterinary students, animal nurse students and master students in microbiology, supervising PhD students and regular activity as a veterinary practitioner have been an important background for his research group activity.<\/p>\n","protected":false},"excerpt":{"rendered":"<p>&#8220;Without good fish health \u2013 no blue revolution&#8221; Alf-Helge Aarskog is\u00a0Chief Executive Officer (CEO) of Marine Harvest ASA. Mr. Aarskog has an M.Sc.in Aquaculture from the Norwegian University of Life Sciences (UMB), as well as supplementary management education from Harvard Business School.\u00a0Mr. Aarskog has broad experience from the salmon farming industry. Prior to his position [&hellip;]<\/p>\n","protected":false},"author":145,"featured_media":0,"parent":0,"menu_order":0,"comment_status":"closed","ping_status":"closed","template":"","meta":{"_acf_changed":false,"footnotes":""},"class_list":["post-25","page","type-page","status-publish","hentry","odd","first-child","last-child"],"acf":[],"_links":{"self":[{"href":"https:\/\/oldunitsstaging.fisheries.org\/isaah\/wp-json\/wp\/v2\/pages\/25","targetHints":{"allow":["GET"]}}],"collection":[{"href":"https:\/\/oldunitsstaging.fisheries.org\/isaah\/wp-json\/wp\/v2\/pages"}],"about":[{"href":"https:\/\/oldunitsstaging.fisheries.org\/isaah\/wp-json\/wp\/v2\/types\/page"}],"author":[{"embeddable":true,"href":"https:\/\/oldunitsstaging.fisheries.org\/isaah\/wp-json\/wp\/v2\/users\/145"}],"replies":[{"embeddable":true,"href":"https:\/\/oldunitsstaging.fisheries.org\/isaah\/wp-json\/wp\/v2\/comments?post=25"}],"version-history":[{"count":0,"href":"https:\/\/oldunitsstaging.fisheries.org\/isaah\/wp-json\/wp\/v2\/pages\/25\/revisions"}],"wp:attachment":[{"href":"https:\/\/oldunitsstaging.fisheries.org\/isaah\/wp-json\/wp\/v2\/media?parent=25"}],"curies":[{"name":"wp","href":"https:\/\/api.w.org\/{rel}","templated":true}]}}