{"id":533,"date":"2020-08-25T14:16:04","date_gmt":"2020-08-25T14:16:04","guid":{"rendered":"https:\/\/units.fisheries.org\/ifs\/?page_id=533"},"modified":"2025-09-29T20:38:58","modified_gmt":"2025-09-29T20:38:58","slug":"olaf-international-membership-award","status":"publish","type":"page","link":"https:\/\/oldunitsstaging.fisheries.org\/ifs\/ifs-awards\/olaf-international-membership-award\/","title":{"rendered":"OLAF International and Indigenous Membership Award"},"content":{"rendered":"<h1><span style=\"color: #000000\">IN MEMORIAM &#8211; Dr. Olaf Laurence Friedrich Weyl<\/span><\/h1>\n<p>The international fisheries community is deeply saddened and shocked to learn of the untimely passing of Olaf Weyl, Chief Scientist at South African Institute of Aquatic Biodiversity and South African Research Chair in Inland Fisheries and Freshwater Ecology. \u00a0 Dr. Weyl was universally loved and respected across the fisheries profession.\u00a0 With over 160 peer-reviewed journal articles, Olaf was a talented and prolific scientist whose research team addressed a wide range of fish ecology problems.\u00a0 His team addressed conservation and impacts of nonnative fishes on endemic fish communities, and evaluation of factors influencing the quality of recreational fisheries. \u00a0 \u00a0Olaf had an infectious laugh and a true passion and curiosity about fisheries and fish ecology. \u00a0 The outpouring from the international community is a clear sign of his impact on so many lives and on our profession.\u00a0 He will be deeply missed throughout the world. \u00a0 A tribute from his home institution can be found at:\u00a0<a title=\"https:\/\/urldefense.proofpoint.com\/v2\/url?u=https-3A__www.saiab.ac.za_features_official-2Dannouncement-2D.htm&amp;d=DwMFaQ&amp;c=sJ6xIWYx-zLMB3EPkvcnVg&amp;r=RsJfGIUGEM49t_SJWq_2aw&amp;m=cwD348WmGDPPfNUeUpPJfWjqoiC0hGHQEs-JQFl26Qc&amp;s=yyIXSOiWuhygdlYSw9_8eZYbyZQsWNcqheqrRVo\" href=\"https:\/\/gcc02.safelinks.protection.outlook.com\/?url=https%3A%2F%2Furldefense.proofpoint.com%2Fv2%2Furl%3Fu%3Dhttps-3A__www.saiab.ac.za_features_official-2Dannouncement-2D.htm%26d%3DDwMFaQ%26c%3DsJ6xIWYx-zLMB3EPkvcnVg%26r%3DRsJfGIUGEM49t_SJWq_2aw%26m%3DcwD348WmGDPPfNUeUpPJfWjqoiC0hGHQEs-JQFl26Qc%26s%3DyyIXSOiWuhygdlYSw9_8eZYbyZQsWNcqheqrRVoUah4%26e%3D&amp;data=04%7C01%7Cajlynch%40usgs.gov%7Ccad5c9ca84e34885bf6e08d88bc5c096%7C0693b5ba4b184d7b9341f32f400a5494%7C0%7C0%7C637413028749475002%7CUnknown%7CTWFpbGZsb3d8eyJWIjoiMC4wLjAwMDAiLCJQIjoiV2luMzIiLCJBTiI6Ik1haWwiLCJXVCI6Mn0%3D%7C1000&amp;sdata=T%2BEa%2By26DNn2NJOVyEuPFGHvOqv4w%2FjrD5vK%2B7fiZQA%3D&amp;reserved=0\" target=\"_blank\" rel=\"noopener noreferrer\" data-saferedirecturl=\"https:\/\/www.google.com\/url?q=https:\/\/gcc02.safelinks.protection.outlook.com\/?url%3Dhttps%253A%252F%252Furldefense.proofpoint.com%252Fv2%252Furl%253Fu%253Dhttps-3A__www.saiab.ac.za_features_official-2Dannouncement-2D.htm%2526d%253DDwMFaQ%2526c%253DsJ6xIWYx-zLMB3EPkvcnVg%2526r%253DRsJfGIUGEM49t_SJWq_2aw%2526m%253DcwD348WmGDPPfNUeUpPJfWjqoiC0hGHQEs-JQFl26Qc%2526s%253DyyIXSOiWuhygdlYSw9_8eZYbyZQsWNcqheqrRVoUah4%2526e%253D%26data%3D04%257C01%257Cajlynch%2540usgs.gov%257Ccad5c9ca84e34885bf6e08d88bc5c096%257C0693b5ba4b184d7b9341f32f400a5494%257C0%257C0%257C637413028749475002%257CUnknown%257CTWFpbGZsb3d8eyJWIjoiMC4wLjAwMDAiLCJQIjoiV2luMzIiLCJBTiI6Ik1haWwiLCJXVCI6Mn0%253D%257C1000%26sdata%3DT%252BEa%252By26DNn2NJOVyEuPFGHvOqv4w%252FjrD5vK%252B7fiZQA%253D%26reserved%3D0&amp;source=gmail&amp;ust=1605804585122000&amp;usg=AFQjCNFvxRE-QT4nOSe-5Wu6fnBYDVdv4g\">https:\/\/www.saiab.ac.za\/features\/official-announcement-.htm<\/a>, and a full obituary will follow in\u00a0<i>Fisheries<\/i>.<\/p>\n<h2><span style=\"color: #000000\">OLAF International and Indigenous Membership Award<\/span><\/h2>\n<p><i><span style=\"font-weight: 400\">Para leer en Espa\u00f1ol*, <\/span><\/i><a href=\"https:\/\/oldunitsstaging.fisheries.org\/ifs\/ifs-awards\/el-premio-de-membresia-de-paises-de-bajo-y-mediano-ingreso-lmic\/\"><b><i>presione aqu\u00ed<\/i><\/b><\/a><span style=\"font-weight: 400\">. Spanish translation courtesy of <b>Augustin Engman<\/b> and \u00c1mbar Torres.<\/span><\/p>\n<h3><em><img fetchpriority=\"high\" decoding=\"async\" class=\"alignleft wp-image-551 size-medium\" src=\"https:\/\/oldunitsstaging.fisheries.org\/ifs\/wp-content\/uploads\/sites\/27\/2020\/11\/Olaf-1-10-225x300.jpg\" alt=\"\" width=\"225\" height=\"300\" srcset=\"https:\/\/oldunitsstaging.fisheries.org\/ifs\/wp-content\/uploads\/sites\/27\/2020\/11\/Olaf-1-10-225x300.jpg 225w, https:\/\/oldunitsstaging.fisheries.org\/ifs\/wp-content\/uploads\/sites\/27\/2020\/11\/Olaf-1-10-768x1024.jpg 768w, https:\/\/oldunitsstaging.fisheries.org\/ifs\/wp-content\/uploads\/sites\/27\/2020\/11\/Olaf-1-10.jpg 960w\" sizes=\"(max-width: 225px) 100vw, 225px\" \/><\/em><\/h3>\n<h3><em>THANKS TO THE GENEROUS DONATIONS from AFS members, WE ARE PLEASED TO COORDINATE GIFT MEMBERSHIPS through <\/em><em>the OLAF International and Indigenous Membership Awards!<\/em><\/h3>\n<p><i><span style=\"font-weight: 400\">The Opportunity for Learning and Advancement in Fisheries (OLAF) \u2013 International &amp; Indigenous Membership Awards support the<\/span><\/i><a href=\"https:\/\/oldunitsstaging.fisheries.org\/ifs\/\"> <i><span style=\"font-weight: 400\">\u00a0<\/span><\/i><i><span style=\"font-weight: 400\">International Fisheries Section<\/span><\/i> <\/a><i><span style=\"font-weight: 400\">\u00a0goals of assisting the international community, especially those from <\/span><\/i><b><i>low and middle income countries<\/i><\/b><i><span style=\"font-weight: 400\">, as well as Indigenous peoples from around the world, with networking and conference opportunities and provide the exchange of information and technical assistance among fishery workers.<\/span><\/i><a href=\"https:\/\/fisheries.org\/membership\/\"> <i><span style=\"font-weight: 400\">\u00a0<\/span><\/i><i><span style=\"font-weight: 400\">Here is what membership includes.<\/span><\/i><\/a><\/p>\n<h2><b><i>Application Details<\/i><\/b><\/h2>\n<h3><b><i>Eligibility<\/i><\/b><\/h3>\n<ul>\n<li style=\"font-weight: 400\"><i><span style=\"font-weight: 400\">Individuals who reside in a country NOT listed on the <\/span><\/i><a href=\"https:\/\/datahelpdesk.worldbank.org\/knowledgebase\/articles\/906519-world-bank-country-and-lending-groups\"><i><span style=\"font-weight: 400\">\u00a0<\/span><\/i><i><span style=\"font-weight: 400\">World Bank list of HIGH-INCOME ECONOMIES<\/span><\/i> <\/a><i><span style=\"font-weight: 400\">, <\/span><\/i><b><i>OR<\/i><\/b><i><span style=\"font-weight: 400\"> Indigenous peoples, following the understanding offered by the<\/span><\/i><a href=\"https:\/\/www.un.org\/esa\/socdev\/unpfii\/documents\/5session_factsheet1.pdf\"> <i><span style=\"font-weight: 400\">\u00a0<\/span><\/i><i><span style=\"font-weight: 400\">United Nations Permanent Forum on Indigenous Issues<\/span><\/i><\/a><i><span style=\"font-weight: 400\">, who wish to join the<\/span><\/i><a href=\"https:\/\/oldunitsstaging.fisheries.org\/ifs\/\"> <i><span style=\"font-weight: 400\">\u00a0<\/span><\/i><i><span style=\"font-weight: 400\">International Fisheries Section<\/span><\/i><\/a><i><span style=\"font-weight: 400\"> of the American Fisheries Society. Individuals are <\/span><\/i><b><i>only eligible to receive this award TWO times<\/i><\/b><i><span style=\"font-weight: 400\">.<\/span><\/i><\/li>\n<\/ul>\n<h3><b><i>Application<\/i><\/b><\/h3>\n<ul>\n<li style=\"font-weight: 400\"><i><span style=\"font-weight: 400\">Please fill out the <\/span><\/i><a href=\"https:\/\/docs.google.com\/forms\/d\/e\/1FAIpQLSfGDu9YygjANRp7MPieQA9aWijJG3F2WD4Xk2JOWs09ym2Nrw\/viewform?usp=sf_link\"><i><span style=\"font-weight: 400\">application form<\/span><\/i><\/a><i><span style=\"font-weight: 400\"> by <\/span><\/i><b><i>November 30, 2025.<\/i><\/b><i><span style=\"font-weight: 400\">\u00a0 Your application will not be complete until you provide the required information and upload your CV\/Resume.<\/span><\/i><\/li>\n<\/ul>\n<h3><b><i>Selection Criteria<\/i><\/b><\/h3>\n<ul>\n<li style=\"font-weight: 400\"><i><span style=\"font-weight: 400\">Applications will be reviewed on behalf of the International Fisheries Section Executive Committee. Recipients of awards will be selected on a competitive basis. Justification for how membership will benefit individuals professionally and CVs\/Resumes are key considerations. In any given year, the International Fisheries Section may choose not to award any OLAF International &amp; Indigenous Membership Awards.<\/span><\/i><\/li>\n<\/ul>\n<h3><b><i>Notification<\/i><\/b><\/h3>\n<ul>\n<li style=\"font-weight: 400\"><i><span style=\"font-weight: 400\">Applicants for the OLAF International &amp; Indigenous Membership Award will receive emails with a decision by the end of the calendar year. OLAF International &amp; Indigenous Membership Awards will be announced by the International Fisheries Section President at the Annual Business Meeting.<\/span><\/i><\/li>\n<\/ul>\n<p><b><i>Donations<\/i><\/b><i><span style=\"font-weight: 400\">: Please consider supporting a fellow fisheries professional with your generous donation!\u00a0 All American Fisheries Society members have the opportunity to contribute to this award opportunity when they renew their annual membership. Note that donations are not listed on the same page as all the renewable items and must be selected separately using the <\/span><\/i><a href=\"https:\/\/secure.fisheries.org\/MemberResponsive\/Membership_Applications\/WF\/Form_WFZ_AFS_Join_Donate.aspx\"><i><span style=\"font-weight: 400\">\u00a0<\/span><\/i><i><span style=\"font-weight: 400\">donations option<\/span><\/i> <\/a><i><span style=\"font-weight: 400\">\u00a0at the second to last step of the renewal process. To help fund this award, please contribute to the \u2018<\/span><\/i><b><i>Support of Low &amp; Middle Income Dues<\/i><\/b><i><span style=\"font-weight: 400\">.\u2019<\/span><\/i><\/p>\n<h1><\/h1>\n<h1><span style=\"font-weight: 400\">Premio de Membres\u00eda para Pa\u00edses de Ingresos Bajos y Medianos (LMIC)<\/span><\/h1>\n<p><span style=\"font-weight: 400\">\u00a0<\/span><\/p>\n<p><i><span style=\"font-weight: 400\">La Oportunidad de Aprendizaje y Avance en Pesquer\u00edas (OLAF) &#8211; Premios de Membres\u00eda Internacional e Ind\u00edgena respaldan los objetivos de la<\/span><\/i><a href=\"https:\/\/oldunitsstaging.fisheries.org\/ifs\/\"> <i><span style=\"font-weight: 400\">Secci\u00f3n de Pesquer\u00edas Internacionales<\/span><\/i><\/a> <i><span style=\"font-weight: 400\">de asistir a la comunidad internacional, especialmente a aquellos de pa\u00edses de ingresos bajos y medianos, as\u00ed como a los pueblos ind\u00edgenas de todo el mundo, con oportunidades de networking y conferencias, y proporcionan el intercambio de informaci\u00f3n y asistencia t\u00e9cnica entre los trabajadores de la pesca.<\/span><\/i><a href=\"https:\/\/fisheries.org\/membership\/\"> <i><span style=\"font-weight: 400\">Aqu\u00ed se incluye lo que la membres\u00eda abarca<\/span><\/i><\/a><i><span style=\"font-weight: 400\">.<\/span><\/i><\/p>\n<p><span style=\"font-weight: 400\">\u00a0<\/span><\/p>\n<p><b><i>Detalles de la Solicitud<\/i><\/b><\/p>\n<p><b><i>Elegibilidad<\/i><\/b><\/p>\n<ul>\n<li><span style=\"font-weight: 400\"> \u00a0 \u00a0 \u00a0 <\/span><i><span style=\"font-weight: 400\">Personas que residan en un pa\u00eds que NO est\u00e9 incluido en la lista de<\/span><\/i><a href=\"https:\/\/datahelpdesk.worldbank.org\/knowledgebase\/articles\/906519-world-bank-country-and-lending-groups\"><i><span style=\"font-weight: 400\"> ECONOM\u00cdAS DE ALTOS INGRESOS del Banco Mundial<\/span><\/i><\/a> <b><i>O<\/i><\/b><i><span style=\"font-weight: 400\"> pueblos ind\u00edgenas, de acuerdo con la comprensi\u00f3n ofrecida por el<\/span><\/i><a href=\"https:\/\/www.un.org\/esa\/socdev\/unpfii\/documents\/5session_factsheet1.pdf\"> <i><span style=\"font-weight: 400\">Foro Permanente de las Naciones Unidas para las Cuestiones Ind\u00edgenas<\/span><\/i><\/a><i><span style=\"font-weight: 400\">, que deseen unirse<\/span><\/i><a href=\"https:\/\/oldunitsstaging.fisheries.org\/ifs\/\"> <i><span style=\"font-weight: 400\">a la Secci\u00f3n de Pesquer\u00edas Internacionales<\/span><\/i><\/a> <i><span style=\"font-weight: 400\">de la Sociedad Americana de Pesquer\u00edas. Cada individuo <\/span><\/i><b><i>solo es elegible para recibir este premio DOS veces.<\/i><\/b><\/li>\n<\/ul>\n<p><b><i>Solicitud<\/i><\/b><\/p>\n<ul>\n<li><span style=\"font-weight: 400\"> \u00a0 \u00a0 \u00a0 <\/span><i><span style=\"font-weight: 400\">Por favor, complete el<\/span><\/i><a href=\"https:\/\/docs.google.com\/forms\/d\/e\/1FAIpQLSfGDu9YygjANRp7MPieQA9aWijJG3F2WD4Xk2JOWs09ym2Nrw\/viewform?usp=sf_link\"> <i><span style=\"font-weight: 400\">formulario de solicitud<\/span><\/i><\/a> <i><span style=\"font-weight: 400\">antes del <\/span><\/i><b><i>15 de noviembre de 2023<\/i><\/b><i><span style=\"font-weight: 400\">. Su solicitud no estar\u00e1 completa hasta que proporcione la informaci\u00f3n requerida y cargue su CV\/curr\u00edculum vitae.<\/span><\/i><\/li>\n<\/ul>\n<p><b><i>Criterios de Selecci\u00f3n<\/i><\/b><\/p>\n<ul>\n<li><span style=\"font-weight: 400\"> \u00a0 \u00a0 \u00a0 <\/span><i><span style=\"font-weight: 400\">Las solicitudes ser\u00e1n revisadas en nombre del Comit\u00e9 Ejecutivo de la Secci\u00f3n de Pesquer\u00edas Internacionales. Los beneficiarios de los premios ser\u00e1n seleccionados en base a criterios competitivos. La justificaci\u00f3n de c\u00f3mo la membres\u00eda beneficiar\u00e1 profesionalmente a los individuos y los CV\/curr\u00edculum vitae son consideraciones clave. En cualquier a\u00f1o dado, la Secci\u00f3n de Pesquer\u00edas Internacionales puede optar por no otorgar ning\u00fan Premio de Membres\u00eda Internacional e Ind\u00edgena OLAF.<\/span><\/i><\/li>\n<\/ul>\n<p><b><i>Notificaci\u00f3n<\/i><\/b><\/p>\n<ul>\n<li><span style=\"font-weight: 400\"> \u00a0 \u00a0 \u00a0 <\/span><i><span style=\"font-weight: 400\">Los solicitantes del Premio de Membres\u00eda Internacional e Ind\u00edgena OLAF recibir\u00e1n correos electr\u00f3nicos con una decisi\u00f3n antes de que termine el a\u00f1o calendario. Los Premios de Membres\u00eda Internacional e Ind\u00edgena OLAF ser\u00e1n anunciados por el Presidente de la Secci\u00f3n de Pesquer\u00edas Internacionales en la Reuni\u00f3n Anual de Negocios.<\/span><\/i><\/li>\n<\/ul>\n<p><span style=\"font-weight: 400\">\u00a0<\/span><\/p>\n<p><b><i>Donaciones:<\/i><\/b><i><span style=\"font-weight: 400\"> Por favor, considere apoyar a un colega profesional de pesquer\u00edas con su generosa donaci\u00f3n. Todos los miembros de la Sociedad Americana de Pesquer\u00edas tienen la oportunidad de contribuir a esta oportunidad de premio cuando renuevan su membres\u00eda anual. Tenga en cuenta que las<\/span><\/i><a href=\"https:\/\/secure.fisheries.org\/MemberResponsive\/Membership_Applications\/WF\/Form_WFZ_AFS_Join_Donate.aspx\"> <i><span style=\"font-weight: 400\">donaciones<\/span><\/i><\/a><i><span style=\"font-weight: 400\"> no se enumeran en la misma p\u00e1gina que todos los art\u00edculos renovables y deben seleccionarse por separado utilizando la opci\u00f3n de donaciones en el pen\u00faltimo paso del proceso de renovaci\u00f3n. Para ayudar a financiar este premio, contribuya al <\/span><\/i><b><i>&#8216;Apoyo a las Cuotas de Bajos y Medianos Ingresos&#8217;.<\/i><\/b><\/p>\n","protected":false},"excerpt":{"rendered":"<p>IN MEMORIAM &#8211; Dr. Olaf Laurence Friedrich Weyl The international fisheries community is deeply saddened and shocked to learn of the untimely passing of Olaf Weyl, Chief Scientist at South African Institute of Aquatic Biodiversity and South African Research Chair in Inland Fisheries and Freshwater Ecology. \u00a0 Dr. Weyl was universally loved and respected across [&hellip;]<\/p>\n","protected":false},"author":99,"featured_media":0,"parent":135,"menu_order":0,"comment_status":"closed","ping_status":"closed","template":"","meta":{"_acf_changed":false,"footnotes":""},"class_list":["post-533","page","type-page","status-publish","hentry","odd","first-child","last-child"],"acf":[],"_links":{"self":[{"href":"https:\/\/oldunitsstaging.fisheries.org\/ifs\/wp-json\/wp\/v2\/pages\/533","targetHints":{"allow":["GET"]}}],"collection":[{"href":"https:\/\/oldunitsstaging.fisheries.org\/ifs\/wp-json\/wp\/v2\/pages"}],"about":[{"href":"https:\/\/oldunitsstaging.fisheries.org\/ifs\/wp-json\/wp\/v2\/types\/page"}],"author":[{"embeddable":true,"href":"https:\/\/oldunitsstaging.fisheries.org\/ifs\/wp-json\/wp\/v2\/users\/99"}],"replies":[{"embeddable":true,"href":"https:\/\/oldunitsstaging.fisheries.org\/ifs\/wp-json\/wp\/v2\/comments?post=533"}],"version-history":[{"count":1,"href":"https:\/\/oldunitsstaging.fisheries.org\/ifs\/wp-json\/wp\/v2\/pages\/533\/revisions"}],"predecessor-version":[{"id":942,"href":"https:\/\/oldunitsstaging.fisheries.org\/ifs\/wp-json\/wp\/v2\/pages\/533\/revisions\/942"}],"up":[{"embeddable":true,"href":"https:\/\/oldunitsstaging.fisheries.org\/ifs\/wp-json\/wp\/v2\/pages\/135"}],"wp:attachment":[{"href":"https:\/\/oldunitsstaging.fisheries.org\/ifs\/wp-json\/wp\/v2\/media?parent=533"}],"curies":[{"name":"wp","href":"https:\/\/api.w.org\/{rel}","templated":true}]}}